{"id":686,"date":"2010-07-25T19:40:01","date_gmt":"2010-07-25T19:40:01","guid":{"rendered":"http:\/\/wpthemetestdata.wordpress.com\/about\/"},"modified":"2010-07-25T19:40:01","modified_gmt":"2010-07-25T19:40:01","slug":"about-2","status":"publish","type":"page","link":"http:\/\/gradosag.se\/","title":{"rendered":"Start"},"content":{"rendered":"<h1>V\u00e4lkommen till Gr\u00e5d\u00f6 S\u00e5g &amp; Byggmarknad<\/h1>\n<p>H\u00e4r p\u00e5 Gr\u00e5d\u00f6 S\u00e5g satsar vi p\u00e5 kvalitet. Vi k\u00f6per endast f\u00f6rstaklassigt virke fr\u00e5n Norrland. R\u00e5s\u00e5gat virke k\u00f6ps in och f\u00f6r\u00e4dlas sedan till olika sorters byggnadsarbeten.<\/p>\n<p><strong>Lister och paneler &#8211; v\u00e5r specialitet<\/strong><br \/>\nV\u00e5r specialitet \u00e4r olika sorters allmogelister och paneler. Vi \u00e5tar oss best\u00e4llningsjobb. Har vi inte den profil du \u00f6nskar s\u00e5 g\u00f6r vi den!<br \/>\n<strong>V\u00e4lsorterad byggmarknad<\/strong><br \/>\nVi har platsf\u00f6rs\u00e4ljning av tr\u00e4varor f\u00f6r privatpersoner och f\u00f6retag. H\u00e4r kan du som vet vad du ska ha plocka ihop dina produkter sj\u00e4lv. F\u00f6r dig som \u00f6nskar r\u00e5d och hj\u00e4lp med din best\u00e4llning s\u00e5 finns det alltid n\u00e5gon tillhands att hj\u00e4lpa till.<br \/>\n<strong>Panel, f\u00e4rdigm\u00e5lad eller grundad<\/strong><br \/>\nNu kan du som kund f\u00e5 v\u00e4lja mellan lagerprodukter och specialtillverkade produkter t. ex. toppm\u00e5lning utomhus, kr\u00e4vs endast en sista f\u00e4rdigstrykning p\u00e5 plats<\/p>\n","protected":false},"excerpt":{"rendered":"<p>V\u00e4lkommen till Gr\u00e5d\u00f6 S\u00e5g &amp; Byggmarknad H\u00e4r p\u00e5 Gr\u00e5d\u00f6 S\u00e5g satsar vi p\u00e5 kvalitet. Vi k\u00f6per endast f\u00f6rstaklassigt virke fr\u00e5n Norrland. R\u00e5s\u00e5gat virke k\u00f6ps in och f\u00f6r\u00e4dlas sedan till olika sorters byggnadsarbeten. Lister och paneler &#8211; v\u00e5r specialitet V\u00e5r specialitet &hellip; <a href=\"http:\/\/gradosag.se\/\">Forts\u00e4tt l\u00e4sa <span class=\"meta-nav\">&rarr;<\/span><\/a><\/p>\n","protected":false},"author":3,"featured_media":0,"parent":0,"menu_order":0,"comment_status":"closed","ping_status":"closed","template":"page-main.php","meta":[],"_links":{"self":[{"href":"http:\/\/gradosag.se\/index.php?rest_route=\/wp\/v2\/pages\/686"}],"collection":[{"href":"http:\/\/gradosag.se\/index.php?rest_route=\/wp\/v2\/pages"}],"about":[{"href":"http:\/\/gradosag.se\/index.php?rest_route=\/wp\/v2\/types\/page"}],"author":[{"embeddable":true,"href":"http:\/\/gradosag.se\/index.php?rest_route=\/wp\/v2\/users\/3"}],"replies":[{"embeddable":true,"href":"http:\/\/gradosag.se\/index.php?rest_route=%2Fwp%2Fv2%2Fcomments&post=686"}],"version-history":[{"count":0,"href":"http:\/\/gradosag.se\/index.php?rest_route=\/wp\/v2\/pages\/686\/revisions"}],"wp:attachment":[{"href":"http:\/\/gradosag.se\/index.php?rest_route=%2Fwp%2Fv2%2Fmedia&parent=686"}],"curies":[{"name":"wp","href":"https:\/\/api.w.org\/{rel}","templated":true}]}}