{"id":995,"date":"2011-02-21T12:09:33","date_gmt":"2011-02-21T12:09:33","guid":{"rendered":"http:\/\/localhost\/wordpress"},"modified":"2011-02-21T12:09:33","modified_gmt":"2011-02-21T12:09:33","slug":"bygghjalp","status":"publish","type":"page","link":"http:\/\/gradosag.se\/?page_id=995","title":{"rendered":"Bygghj\u00e4lp"},"content":{"rendered":"<div>\n<p><img loading=\"lazy\" class=\"alignright size-full wp-image-1399\" title=\"carpenter-tools1\" src=\"http:\/\/media.gradosag.se\/2011\/02\/carpenter-tools11.jpg\" alt=\"\" width=\"389\" height=\"308\" srcset=\"http:\/\/media.gradosag.se\/2011\/02\/carpenter-tools11.jpg 389w, http:\/\/media.gradosag.se\/2011\/02\/carpenter-tools11-300x237.jpg 300w\" sizes=\"(max-width: 389px) 100vw, 389px\" \/>Hos oss kan du best\u00e4lla allt till ditt bygge, fr\u00e5n minsta skruv till takmaterial. Du kan l\u00e4mna en specifikation p\u00e5 hela ditt behov av material f\u00f6r ditt bygge via mail eller fax s\u00e5 plockar vi ihop det till dig.<\/p>\n<p>Vi levererar byggmaterial inom en radie av 10 mil. Lister, foder och paneler levererar vi \u00f6ver hela Sverige.<\/p>\n<p>Beh\u00f6ver du byggtekniska r\u00e5d eller har materialfr\u00e5gor s\u00e5 st\u00e4ller vi g\u00e4rna upp och hj\u00e4lper dig med allt v\u00e5rt kunnande.<\/p>\n<\/div>\n","protected":false},"excerpt":{"rendered":"<p>Hos oss kan du best\u00e4lla allt till ditt bygge, fr\u00e5n minsta skruv till takmaterial. Du kan l\u00e4mna en specifikation p\u00e5 hela ditt behov av material f\u00f6r ditt bygge via mail eller fax s\u00e5 plockar vi ihop det till dig. Vi &hellip; <a href=\"http:\/\/gradosag.se\/?page_id=995\">Forts\u00e4tt l\u00e4sa <span class=\"meta-nav\">&rarr;<\/span><\/a><\/p>\n","protected":false},"author":3,"featured_media":0,"parent":0,"menu_order":0,"comment_status":"closed","ping_status":"closed","template":"onecolumn-page.php","meta":[],"_links":{"self":[{"href":"http:\/\/gradosag.se\/index.php?rest_route=\/wp\/v2\/pages\/995"}],"collection":[{"href":"http:\/\/gradosag.se\/index.php?rest_route=\/wp\/v2\/pages"}],"about":[{"href":"http:\/\/gradosag.se\/index.php?rest_route=\/wp\/v2\/types\/page"}],"author":[{"embeddable":true,"href":"http:\/\/gradosag.se\/index.php?rest_route=\/wp\/v2\/users\/3"}],"replies":[{"embeddable":true,"href":"http:\/\/gradosag.se\/index.php?rest_route=%2Fwp%2Fv2%2Fcomments&post=995"}],"version-history":[{"count":0,"href":"http:\/\/gradosag.se\/index.php?rest_route=\/wp\/v2\/pages\/995\/revisions"}],"wp:attachment":[{"href":"http:\/\/gradosag.se\/index.php?rest_route=%2Fwp%2Fv2%2Fmedia&parent=995"}],"curies":[{"name":"wp","href":"https:\/\/api.w.org\/{rel}","templated":true}]}}